e5 - -8d?
-30758
In base 16, what is dc0cd + 66?
dc133
In base 14, what is -13c08633 + 3?
-13c08630
In base 3, what is 1020 - 12012211220102?
-12012211212012
In base 11, what is -1386a1a + 11?
-1386a09
In base 11, what is 3a2a + -537?
34a3
In base 12, what is 10b0428 + -64?
10b0384
In base 10, what is -79 + -679130?
-679209
In base 12, what is 17215a - 7?
172153
In base 5, what is -3 - -34014311014?
34014311011
In base 6, what is 52100415 - 44?
52100331
In base 6, what is 15 + -353000505?
-353000450
In base 11, what is -20250 + 1773?
-19588
In base 9, what is 530 - 407655?
-407125
In base 14, what is 235a324 + 0?
235a324
In base 7, what is 25 - 201632642?
-201632614
In base 3, what is 10221022010021202 - 101?
10221022010021101
In base 3, what is -210000110002 + 10?
-210000102222
In base 12, what is 2286520a + -6?
22865204
In base 4, what is -10030030333 + -3?
-10030031002
In base 16, what is -2d0 + -1a3ae?
-1a67e
In base 3, what is 22100122012 + -1012?
22100121000
In base 3, what is 1002020121211 + 22?
1002020122010
In base 6, what is 130122310 - 14?
130122252
In base 8, what is 2 + -135674373?
-135674371
In base 4, what is 113 - 320133132?
-320133013
In base 7, what is 13114114 - -1101?
13115215
In base 5, what is -2 + 1010104443?
1010104441
In base 8, what is 7427012 - 416?
7426374
In base 7, what is 1 + 51363220?
51363221
In base 5, what is -43 + -11210242?
-11210340
In base 10, what is 387718997 - -4?
387719001
In base 8, what is -67243363 - -1?
-67243362
In base 2, what is 1011111 + -10001111001101010001?
-10001111001011110010
In base 12, what is -116173 + 76b?
-115604
In base 15, what is 2057e2 - b?
2057d6
In base 6, what is -20504222 - 243?
-20504505
In base 12, what is -1651a - -3233?
-132a7
In base 16, what is 4 + 2b528f?
2b5293
In base 15, what is -c764 + -1e?
-c783
In base 2, what is 101 - -11101010001100111010101011?
11101010001100111010110000
In base 6, what is -440053050 + -4?
-440053054
In base 16, what is fd294 + -56?
fd23e
In base 10, what is 2 + -65376497?
-65376495
In base 13, what is 45c4 + 16299?
1a890
In base 6, what is -13 + 10303335055?
10303335042
In base 11, what is 2 + -53415138?
-53415136
In base 8, what is 214 - -46503365?
46503601
In base 11, what is 8824 + 1a7?
8a20
In base 2, what is -100101111000001101000111 - -101000?
-100101111000001100011111
In base 10, what is 26750 - -389?
27139
In base 4, what is -120330320 - 2312?
-120333232
In base 16, what is 5b24c - -4b9?
5b705
In base 3, what is -100001122220100100 - 11?
-100001122220100111
In base 13, what is 2c48b40 - 4?
2c48b39
In base 4, what is 2 + -3130300010?
-3130300002
In base 12, what is 78aa29a - 2?
78aa298
In base 6, what is 123223 + -100?
123123
In base 10, what is 269 + 289961?
290230
In base 6, what is 52540 - -145400?
242340
In base 9, what is -1 + -11808680?
-11808681
In base 3, what is 12220112 + -10222?
12202120
In base 15, what is 14 + -616ecb?
-616eb7
In base 6, what is -10233235 + -213?
-10233452
In base 11, what is -467aa9 + -25?
-468023
In base 4, what is -1030 + -101121322?
-101123012
In base 11, what is -8 + 1619423?
1619416
In base 10, what is -14095 + -10698?
-24793
In base 2, what is -1 + -111000000010000001110110?
-111000000010000001110111
In base 15, what is 5 + -6b851?
-6b84b
In base 2, what is 100 + -100001000001111110110000100?
-100001000001111110110000000
In base 8, what is 2 + 21211477?
21211501
In base 15, what is b + 25933b3?
25933be
In base 11, what is -12305963 - -4?
-1230595a
In base 10, what is 1905909 - -221?
1906130
In base 12, what is 1b5bb + 4b3?
1bab2
In base 14, what is -22d47 + 27?
-22d20
In base 5, what is -3400 - 1324441?
-1333341
In base 9, what is 304032 - -814?
304846
In base 11, what is -156a7 + -1654?
-17250
In base 13, what is 1 - 26a8056?
-26a8055
In base 14, what is 56a + -50c4?
-4958
In base 8, what is 10346077 + 42?
10346141
In base 15, what is b86479 - 0?
b86479
In base 16, what is -2 + 30239f?
30239d
In base 4, what is 12311 + 120031221?
120110132
In base 14, what is 18 - -d60bc?
d60d6
In base 12, what is 10 + -41377a?
-41376a
In base 11, what is -31 - -5657a16?
5657995
In base 10, what is 517202 - 5?
517197
In base 8, what is 11 + -7773031?
-7773020
In base 2, what is 1011000110101011001111 + 11?
1011000110101011010010
In base 16, what is 5 + 2eba93?
2eba98
In base 6, what is 41141 - -20412?
101553
In base 15, what is 3b937 + 27a?
3bbb2
In base 14, what is 4c - -3c219d?
3c220b
In base 9, what is -13648861 + 6?
-13648854
In base 6, what is 24251044 + 53?
24251141
In base 7, what is -153041 + -1414?
-154455
In base 15, what is -2bd82 - 8e?
-2be21
In base 16, what is -1023 - 1f7?
-121a
In base 3, what is -2012010020211 + 1212?
-2012010011222
In base 14, what is -3252015 + -10?
-3252025
In base 11, what is 307360 - -1?
307361
In base 2, what is 11001 - -10101110101100010101?
10101110101100101110
In base 15, what is 4ab3 - -bc?
4b80
In base 10, what is -63352 - -187?
-63165
In base 16, what is -2538e - -336?
-25058
In base 5, what is -24034210 - 4203?
-24043413
In base 9, what is -70621 + 71?
-70540
In base 12, what is 127222 - b65?
126279
In base 5, what is -430 - -3010132?
3004202
In base 4, what is -10100 + -301002?
-311102
In base 16, what is -c + -45966?
-45972
In base 6, what is -53320330 - -5?
-53320321
In base 3, what is 1010212221201 - 2111?
1010212212020
In base 13, what is -2975 + a53?
-1c22
In base 15, what is -2ce0eb - -61?
-2ce08a
In base 8, what is 5 - -677717662?
677717667
In base 8, what is -55721 - -6252?
-47447
In base 13, what is 88 - 85c2?
-8537
In base 11, what is -12 - -232335?
232323
In base 3, what is 200111122 + 20121011?
221002210
In base 9, what is 12 - -27261507?
27261520
In base 10, what is 142524 + -10?
142514
In base 4, what is 23101111233 - 3?
23101111230
In base 6, what is -153 - 21240125?
-21240322
In base 8, what is -30356257 - -51?
-30356206
In base 5, what is -10 + 13440233441?
13440233431
In base 16, what is -15 + 1b51f6?
1b51e1
In base 3, what is -10 + 100021111011220?
100021111011210
In base 14, what is 3280b - 6c?
3277d
In base 13, what is -27 + 6b907?
6b8b0
In base 14, what is -35d + d32?
9b3
In base 5, what is 2 - 13211224110?
-13211224103
In base 12, what is -10 - a83909?
-a83919
In base 2, what is -100101100110000 - -11010000?
-100101001100000
In base 4, what is -11 + -11210121100?
-11210121111
In base 11, what is -2 + 9a5aa63?
9a5aa61
In base 14, what is -487cdd76 - 5?
-487cdd7b
In base 2, what is -10 - -10101010100011100110?
10101010100011100100
In base 3, what is -11221021 - -21100112?
2102021
In base 6, what is 303342 - -1222?
305004
In base 9, what is 10 + 3534373?
3534383
In base 16, what is -17f0 + 34a?
-14a6
In base 12, what is -b + 279a8?
27999
In base 8, what is 17476612 + 3?
17476615
In base 15, what is -13c5864 + 0?
-13c5864
In base 8, what is 773645 + 30?
773675
In base 14, what is c0ac - 969?
b543
In base 10, what is 23998 - -658?
24656
In base 2, what is 1111111101001 + 1011010101000?
11011010010001
In base 10, what is -14 - -3333144?
3333130
In base 3, what is -201 + 200222011?
200221110
In base 8, what is 315 + 3135557?
3136074
In base 6, what is -54452 - 111221?
-210113
In base 13, what is -c77 - 10cc?
-2076
In base 7, what is -5 - -300656554?
300656546
In base 8, what is -44754 - 214?
-45170
In base 14, what is -71db7 - 136?
-7210d
In base 7, what is 2 + 2225140052?
2225140054
In base 9, what is 8870585 + -2?
8870583
In base 9, what is 634816 + -15?
634801
In base 13, what is a59 + 79c?
1528
In base 11, what is a79a6 - 210?
a7796
In base 10, what is 3 + 27256240?
27256243
In base 7, what is -4141634164 + 3?
-4141634161
In base 9, what is -68545 + -4787?
-74443
In base 9, what is 330 + -58826?
-58486
In base 11, what is -111 + 45076?
44a65
In base 4, what is -1213303213 + 1230?
-1213301323
In base 10, what is -1425693 - -117?
-1425576
In base 3, what is 11022 - -2021202210200?
2021202221222
In base 11, what is a27964 + 5?
a27969
In base 11, what is -4 - -18a6a6a?
18a6a66
In base 13, what is 1 + -1673ca?
-1673c9
In base 14, what is 1babc20 + -2?
1babc1c
In base 15, what is b25 - 1e7?
92d
In base 6, what is -230014202 + -1?
-230014203
In base 15, what is -28 - 7e82e?
-7e857
In base 13, what is -383792 + 134?
-38365b
In base 9, what is -511064 